mmon factor of 16 and 328?
8
Calculate the highest common factor of 1308 and 1417.
109
What is the greatest common factor of 621 and 2346?
69
Calculate the greatest common factor of 781 and 33.
11
What is the highest common factor of 940 and 180?
20
What is the highest common factor of 160 and 240?
80
What is the highest common divisor of 1364 and 2108?
124
Calculate the highest common divisor of 61 and 13908.
61
Calculate the highest common factor of 7161 and 66.
33
Calculate the highest common factor of 70703 and 17.
17
Calculate the greatest common divisor of 78 and 150.
6
What is the highest common factor of 20 and 130?
10
Calculate the highest common divisor of 680 and 40.
40
What is the highest common factor of 273 and 39?
39
What is the highest common factor of 3372 and 84?
12
What is the greatest common factor of 22 and 18854?
22
What is the greatest common divisor of 5 and 3645?
5
What is the greatest common divisor of 126 and 336?
42
What is the greatest common factor of 165 and 480?
15
What is the greatest common divisor of 135 and 1440?
45
Calculate the highest common divisor of 31 and 2511.
31
Calculate the highest common divisor of 702 and 12.
6
Calculate the greatest common factor of 152 and 19.
19
Calculate the greatest common factor of 3168 and 6.
6
What is the greatest common divisor of 53 and 1060?
53
Calculate the highest common divisor of 5133 and 2124.
177
Calculate the greatest common factor of 56 and 1296.
8
What is the highest common factor of 1912 and 40?
8
Calculate the greatest common divisor of 6075 and 450.
225
Calculate the highest common factor of 81 and 72.
9
What is the highest common divisor of 1107 and 27?
27
Calculate the greatest common factor of 87 and 4901.
29
Calculate the greatest common factor of 897 and 207.
69
Calculate the greatest common factor of 93 and 3720.
93
Calculate the highest common divisor of 134 and 2.
2
What is the highest common divisor of 21944 and 78?
26
What is the highest common divisor of 2516 and 16?
4
What is the highest common divisor of 26 and 1186?
2
What is the highest common factor of 92 and 60?
4
What is the greatest common divisor of 30888 and 33?
33
Calculate the greatest common factor of 435 and 261.
87
Calculate the greatest common divisor of 105 and 6.
3
Calculate the highest common factor of 24 and 4260.
12
What is the greatest common factor of 16 and 124?
4
Calculate the highest common divisor of 108 and 828.
36
What is the highest common divisor of 115 and 46?
23
What is the highest common divisor of 87 and 1537?
29
What is the greatest common factor of 132 and 8?
4
What is the highest common factor of 286 and 198?
22
What is the highest common divisor of 8 and 172?
4
Calculate the highest common factor of 536 and 32.
8
Calculate the highest common factor of 7126 and 14.
14
What is the greatest common divisor of 550 and 2300?
50
What is the greatest common divisor of 200 and 40?
40
What is the highest common factor of 66 and 814?
22
Calculate the highest common divisor of 8003 and 53.
53
Calculate the highest common factor of 585 and 6565.
65
What is the greatest common factor of 40 and 16?
8
Calculate the highest common factor of 28799 and 31.
31
What is the highest common divisor of 6 and 39?
3
What is the highest common divisor of 242 and 55?
11
Calculate the highest common factor of 54 and 387.
9
Calculate the highest common factor of 1032 and 3.
3
Calculate the highest common factor of 1 and 241.
1
Calculate the highest common divisor of 18 and 8622.
18
What is the greatest common divisor of 2101 and 11?
11
What is the greatest common factor of 4 and 256?
4
Calculate the greatest common factor of 3912 and 84.
12
Calculate the highest common factor of 114 and 30.
6
What is the highest common divisor of 6 and 822?
6
Calculate the greatest common factor of 3303 and 72.
9
Calculate the highest common factor of 248 and 80.
8
Calculate the greatest common divisor of 214 and 2.
2
Calculate the greatest common divisor of 1127 and 805.
161
Calculate the greatest common divisor of 3445 and 65.
65
Calculate the highest common factor of 52 and 65.
13
What is the highest common divisor of 1683 and 99?
99
Calculate the greatest common factor of 8 and 1154.
2
Calculate the highest common divisor of 144 and 1764.
36
Calculate the highest common factor of 7709 and 13.
13
What is the greatest common factor of 134 and 11122?
134
Calculate the greatest common divisor of 7110 and 18.
18
Calculate the highest common divisor of 8 and 5.
1
What is the greatest common divisor of 3807 and 162?
81
What is the highest common divisor of 5 and 19?
1
Calculate the highest common factor of 9 and 13.
1
Calculate the greatest common factor of 240 and 27960.
120
What is the highest common factor of 2718 and 216?
18
Calculate the highest common divisor of 832 and 128.
64
Calculate the highest common factor of 3538 and 232.
58
Calculate the highest common divisor of 27829 and 17.
17
What is the greatest common factor of 14 and 3178?
14
Calculate the highest common divisor of 336 and 2331.
21
What is the highest common divisor of 455 and 260?
65
Calculate the highest common factor of 30 and 255.
15
What is the highest common divisor of 21224 and 56?
56
Calculate the highest common divisor of 840 and 75.
15
Calculate the highest common factor of 1 and 8.
1
Calculate the highest common divisor of 98 and 1715.
49
Calculate the greatest common divisor of 5 and 21055.
5
What is the greatest common divisor of 10 and 7310?
10
Calculate the highest common factor of 247 and 39.
13
Calculate the greatest common divisor of 3609 and 9.
9
Calculate the greatest common divisor of 120 and 72.
24
Calculate the highest common divisor of 16 and 2224.
16
What is the highest common divisor of 2624 and 320?
64
Calculate the greatest common factor of 5 and 545.
5
What is the greatest common factor of 25 and 325?
25
Calculate the highest common divisor of 91 and 494.
13
What is the greatest common factor of 14 and 21?
7
What is the highest common divisor of 133 and 77?
7
Calculate the highest common divisor of 1717 and 17.
17
What is the highest common factor of 27 and 15?
3
What is the highest common divisor of 22 and 220?
22
Calculate the greatest common divisor of 28 and 4036.
4
What is the greatest common factor of 3936 and 123?
123
What is the highest common factor of 306 and 1428?
102
What is the highest common factor of 4 and 1?
1
Calculate the highest common factor of 1197 and 168.
21
What is the highest common factor of 240 and 130?
10
Calculate the greatest common factor of 6262 and 248.
62
What is the greatest common divisor of 450 and 330?
30
What is the highest common divisor of 53 and 583?
53
What is the greatest common factor of 920 and 160?
40
What is the greatest common factor of 279 and 2418?
93
What is the greatest common divisor of 2195 and 20?
5
What is the highest common divisor of 50 and 175?
25
Calculate the highest common factor of 9 and 39.
3
What is the greatest common divisor of 17 and 2?
1
Calculate the highest common divisor of 13454 and 28.
14
Calculate the greatest common divisor of 55 and 473.
11
What is the highest common factor of 1071 and 693?
63
What is the greatest common factor of 43 and 1204?
43
What is the greatest common divisor of 696 and 996?
12
Calculate the greatest common divisor of 665 and 1615.
95
What is the highest common divisor of 154 and 112?
14
What is the greatest common divisor of 59 and 15?
1
Calculate the greatest common divisor of 62 and 186.
62
Calculate the highest common factor of 24 and 176.
8
Calculate the greatest common divisor of 162 and 36.
18
Calculate the greatest common factor of 390 and 30.
30
What is the greatest common divisor of 858 and 78?
78
Calculate the greatest common factor of 12 and 609.
3
What is the highest common factor of 298 and 447?
149
Calculate the greatest common factor of 99 and 88.
11
What is the greatest common factor of 2595 and 10?
5
Calculate the greatest common factor of 628 and 92.
4
Calculate the highest common factor of 128 and 96.
32
What is the highest common factor of 6179 and 74?
37
Calculate the greatest common factor of 18880 and 240.
80
What is the greatest common divisor of 129 and 1763?
43
What is the hig